 16) to base 7.
124630
9e6 (base 15) to base 8
4301
Convert -8860 (base 16) to base 13.
-12b77
Convert -248 (base 15) to base 16.
-206
What is 10 (base 14) in base 6?
22
Convert 109d (base 14) to base 16.
b43
What is -32414 (base 5) in base 6?
-14202
What is -1110010110000 (base 2) in base 7?
-30261
Convert 2041 (base 7) to base 11.
5a0
204423 (base 5) to base 14
2703
1111012100 (base 3) to base 5
1414204
Convert 4403333 (base 5) to base 16.
126cc
Convert 605 (base 15) to base 5.
20410
Convert -1013100 (base 5) to base 8.
-40412
42110 (base 5) to base 14
1028
7741 (base 9) to base 4
1121023
What is 1001000101 (base 2) in base 12?
405
Convert -141e6 (base 15) to base 6.
-1214530
Convert 47a (base 13) to base 16.
309
Convert -3a59 (base 11) to base 15.
-1862
Convert 1609b (base 12) to base 14.
b543
Convert -206 (base 7) to base 2.
-1101000
What is -3100 (base 5) in base 3?
-112211
70 (base 13) to base 12
77
Convert -6389 (base 15) to base 14.
-795c
What is -101203 (base 4) in base 16?
-463
-2544 (base 9) to base 4
-131233
Convert -5142 (base 6) to base 4.
-101312
What is -1284 (base 11) in base 6?
-11413
Convert -1390 (base 14) to base 5.
-102313
Convert -652 (base 7) to base 6.
-1311
What is -100587 (base 9) in base 15?
-1298d
Convert -2ee (base 16) to base 15.
-350
1b0 (base 16) to base 11
363
Convert 7098 (base 10) to base 14.
2830
-131 (base 5) to base 15
-2b
What is -1001100 (base 2) in base 15?
-51
Convert 22817 (base 11) to base 13.
11cb1
-1040441 (base 6) to base 13
-1a899
What is 4002 (base 5) in base 3?
200121
What is -537 (base 10) in base 16?
-219
-336445 (base 7) to base 3
-10001011221
-522 (base 6) to base 9
-235
What is -32ac (base 16) in base 6?
-140020
17484 (base 10) to base 11
12155
12 (base 5) to base 6
11
2123 (base 6) to base 11
3aa
10011101100011 (base 2) to base 16
2763
-9206 (base 13) to base 12
-b785
Convert -23132 (base 5) to base 2.
-11010000011
What is 2123 (base 5) in base 7?
561
Convert -241203 (base 5) to base 16.
-22e0
Convert 10292 (base 10) to base 6.
115352
Convert -330 (base 5) to base 9.
-110
4521 (base 7) to base 15
73c
What is -114250 (base 7) in base 5?
-1130323
64 (base 8) to base 14
3a
Convert -81a (base 15) to base 13.
-aa5
Convert -324114 (base 5) to base 4.
-2232113
What is -1566 (base 9) in base 10?
-1194
Convert 530 (base 7) to base 2.
100001010
What is -21120110 (base 3) in base 8?
-12620
What is -2414 (base 5) in base 12?
-25b
Convert -4607 (base 10) to base 6.
-33155
What is -7d28 (base 15) in base 4?
-12133130
Convert 10212000122 (base 3) to base 4.
102200321
3301113 (base 4) to base 10
15447
-11b6 (base 14) to base 11
-2369
Convert -3200 (base 9) to base 13.
-10b9
Convert 110001000110000 (base 2) to base 7.
133166
What is -35416 (base 8) in base 4?
-3230032
Convert -37719 (base 10) to base 16.
-9357
Convert -1cab (base 15) to base 2.
-1100001011100
Convert 4114 (base 5) to base 9.
653
36331 (base 7) to base 10
9430
-a5b5 (base 13) to base 8
-54663
Convert 1111000 (base 2) to base 5.
440
What is 5d4c (base 16) in base 15?
7124
Convert -16b4 (base 14) to base 6.
-30514
247a (base 12) to base 7
15013
755 (base 11) to base 14
48b
Convert -10011101101000 (base 2) to base 13.
-4790
What is -13010 (base 6) in base 3?
-2200020
Convert 403 (base 8) to base 16.
103
What is -7501 (base 11) in base 9?
-14545
22304 (base 5) to base 16
62b
-22515 (base 8) to base 10
-9549
What is -11413 (base 7) in base 12?
-185a
Convert -133343 (base 9) to base 4.
-103310301
What is 23bb3 (base 12) in base 4?
23303313
Convert 6842 (base 9) to base 11.
3890
What is 203003 (base 4) in base 5?
32433
What is 61 (base 7) in base 13?
34
What is -104100 (base 5) in base 11?
-2819
Convert 562 (base 15) to base 11.
a07
Convert -b60b (base 13) to base 8.
-61150
32a90 (base 11) to base 15
e2ce
What is -2734 (base 12) in base 3?
-20011211
Convert 10507 (base 11) to base 3.
202220221
What is 245 (base 8) in base 5?
1130
What is -1947 (base 10) in base 15?
-89c
What is -1332230 (base 5) in base 16?
-6a36
-646 (base 8) to base 6
-1542
-2640 (base 12) to base 10
-4368
Convert -2057 (base 13) to base 11.
-33a0
Convert 38585 (base 10) to base 4.
21122321
What is 1002120 (base 3) in base 9?
1076
-10024 (base 5) to base 2
-1001111111
What is -3254 (base 6) in base 8?
-1362
Convert 1fe7 (base 16) to base 15.
2647
19b1 (base 16) to base 6
50241
Convert 1351 (base 6) to base 5.
2410
1100001010 (base 2) to base 4
30022
Convert -21001220 (base 3) to base 14.
-1c42
What is -1617 (base 9) in base 6?
-5411
What is -10333 (base 12) in base 4?
-11023113
What is -d72 (base 15) in base 3?
-11011022
-2732 (base 9) to base 6
-13302
3aa (base 13) to base 5
10042
What is -1220 (base 12) in base 7?
-5643
Convert 23130 (base 5) to base 4.
122001
What is -1042522 (base 6) in base 13?
-1ab5b
400422 (base 5) to base 9
18263
What is -8a8 (base 15) in base 8?
-3646
What is 1172 (base 9) in base 15?
3d5
Convert 15280 (base 10) to base 7.
62356
1030 (base 4) to base 11
6a
-11011011101 (base 2) to base 15
-7c2
What is -259 (base 12) in base 7?
-1020
What is a60 (base 12) in base 3?
2002000
What is -398c (base 13) in base 15?
-2688
What is -21d (base 14) in base 5?
-3134
2223 (base 4) to base 5
1141
Convert 7995 (base 15) to base 8.
62276
What is -639b (base 16) in base 14?
-9415
20100 (base 3) to base 6
443
What is -60 (base 12) in base 14?
-52
Convert -1296 (base 11) to base 4.
-122032
Convert -a85 (base 11) to base 9.
-1707
Convert -763 (base 8) to base 16.
-1f3
What is 1255 (base 7) in base 10?
481
Convert 2002321 (base 4) to base 16.
20b9
What is 14331 (base 7) in base 5?
111232
26206 (base 10) to base 5
1314311
Convert 36202 (base 8) to base 11.
10702
What is 220002 (base 3) in base 14?
346
Convert -231200 (base 5) to base 6.
-102232
246 (base 7) to base 14
96
Convert -1634 (base 7) to base 13.
-3bc
14714 (base 10) to base 7
60620
4 (base 5) to base 3
11
What is 1331220 (base 4) in base 11?
604a
Convert 1739 (base 16) to base 11.
4515
Convert 23312213 (base 4) to base 12.
2411b
b9 (base 16) to base 5
1220
734 (base 8) to base 14
260
Convert 21206 (base 7) to base 10.
5249
What is -1012210 (base 3) in base 7?
-2403
What is 312 (base 9) in base 5?
2004
3021 (base 4) to base 12
149
-10011111000001 (base 2) to base 5
-311202
-19c8a (base 15) to base 7
-466255
What is 7b2 (base 15) in base 7?
5036
Convert -43040 (base 5) to base 14.
-10ab
What is 132 (base 13) in base 9?
253
Convert 301143 (base 5) to base 14.
36a0
Convert -725 (base 11) to base 12.
-60a
1212 (base 4) to base 15
6c
11b (base 14) to base 4
3131
Convert 42356 (base 7) to base 6.
120302
What is 19157 (base 10) in base 7?
106565
-413 (base 8) to base 3
-100220
Convert 5028 (base 11) to base 9.
10147
Convert -37a2 (base 11) to base 12.
-2a48
What is 63602 (base 7) in base 3?
210120122
What is 212201 (base 4) in base 7?
10121
What is -1bb (base 14) in base 10?
-361
Convert 301225 (base 6) to base 2.
101110001010001
-10100110000 (base 2) to base 11
-aa8
What is -4701 (base 12) in base 5?
-223141
Convert 2656 (base 11) to base 14.
1385
-111211 (base 3) to base 15
-19d
What is 3616 (base 7) in base 9?
1744
What is -32a6 (base 12) in base 10?
-5598
-144 (base 13) to base 3
-22100
Convert -11111110 (base 3) to base 14.
-12a3
200000 (base 4) to base 7
5654
Convert -1002022 (base 3) to base 6.
-3355
Convert -15e9 (base 16) to base 7.
-22232
27340 (base 9) to base 6
221400
-23637 (base 11) to base 6
-421333
Convert 21020 (base 3) to base 16.
c3
Convert -34 (base 12) to base 13.
-31
What is -137 (base 15) in base 9?
-337
What is 47a (base 15) in base 7?
2650
What is -543 (base 10) in base 6?
-2303
What is -101110000 (base 2) in base 8?
-560
Convert -5073 (base 14) to base 13.
-63a2
Convert -110011110101110 (base 2) to base 6.
-322514
Convert -b73 (base 13) to base 14.
-9d7
Convert 334 (base 12) to base 3.
122111
Convert -313213 (base 4) to base 9.
-4784
What is 282a (base 16) in base 11?
77a8
Convert -a321 (base 11) to base 8.
-32600
-11333 (base 6) to base 2
-11001101001
Convert 131113 (base 6) to base 12.
6a99
What is 1323 (base 4) in base 2?
1111011
-134430 (base 5) to base 15
-19e5
-42a (base 13) to base 3
-222101
Convert -1122110 (base 3) to base 14.
-61a
-37e (base 15) to base 10
-794
Convert 201222020 (b